 is n(-5)?
651
Let f(q) = -4*q**3 + 118*q**2 - 204*q + 449. Calculate f(28).
-559
Let i(k) = 38*k**3 - 5243*k**2 - 508*k + 51045. What is i(138)?
-15
Let o(n) = -2*n**2 - 17490*n + 2560052. Determine o(144).
20
Let d(m) = -2*m**3 + 55*m**2 + 293*m - 4296. Calculate d(30).
-6
Let s(w) = -42481*w + 84914. Give s(2).
-48
Let i(y) = -18043*y + 36068. Determine i(2).
-18
Let q(o) = -2*o**2 + 7726*o + 77477. Give q(-10).
17
Let p(k) = -k**2 + 8256*k + 315315. What is p(-38)?
143
Let v(o) = 435*o - 125487. Give v(288).
-207
Let o(c) = c**3 + 46*c**2 + 131*c + 514. Calculate o(-44).
-1378
Let j(t) = -3*t**2 - 336*t + 4227. Give j(-125).
-648
Let r(o) = 19*o - 648. Determine r(26).
-154
Let n(u) = -u**3 - 57*u**2 - 414*u - 953. Give n(-49).
125
Let j(c) = 273*c**2 - 3025*c + 13. Calculate j(11).
-229
Let o(a) = -35*a**2 + 7449*a + 1486. What is o(213)?
208
Let q(n) = n**2 + 1622*n + 4861. Give q(-3).
4
Let s(y) = 2*y**2 - 268*y - 4876. Determine s(-16).
-76
Let i(s) = -126518*s - 3163018. Determine i(-25).
-68
Let t(n) = 2*n**3 - 129*n**2 - 779*n - 143. Calculate t(70).
-773
Let i(g) = -117798*g + 2709356. What is i(23)?
2
Let u(b) = 67584*b - 67594. Calculate u(1).
-10
Let a(p) = p**2 - 7*p - 14768. Give a(126).
226
Let z(b) = 395*b**2 - 1153*b + 731. Determine z(2).
5
Let k(x) = -x**2 + 22268*x - 178073. What is k(8)?
7
Let j(q) = 4*q**3 + 95*q**2 + 78*q + 479. What is j(-23)?
272
Let t(q) = -4848*q - 727191. What is t(-150)?
9
Let y(w) = -w**2 + 90*w + 671. Give y(97).
-8
Let n(y) = 107*y - 10242. What is n(96)?
30
Let g(b) = 5*b**3 - 295*b**2 + 3119*b + 1428. Determine g(45).
33
Let b(d) = 246*d + 54526. Calculate b(-228).
-1562
Let g(m) = 287*m - 16242. Calculate g(49).
-2179
Let f(u) = -2*u**3 - 79*u**2 + 44*u + 3232. What is f(-39)?
-5
Let x(l) = -l**3 + 44*l**2 + 404*l - 18. Calculate x(-9).
639
Let f(n) = n**3 + 8*n**2 - 75470*n - 754509. Calculate f(-10).
-9
Let m(k) = -k**3 - 43*k**2 - 446*k - 58. Give m(-22).
-410
Let g(w) = w**2 + 3320*w + 150898. Calculate g(-46).
294
Let g(o) = -o**2 - 13852*o + 1268805. Give g(91).
-8
Let s(m) = -115301*m + 1498924. Calculate s(13).
11
Let w(q) = -q**3 - 78*q**2 + 1405*q + 967. What is w(-93)?
37
Let p(h) = 501*h**2 - 622*h + 1253. What is p(2)?
2013
Let u(d) = -d**3 - 29*d**2 + 632*d - 420. Calculate u(14).
0
Let l(j) = 4*j**3 + 41*j**2 - 27*j - 259. Give l(-10).
111
Let x(j) = -319*j - 1920. What is x(-6)?
-6
Let l(x) = x**3 + 29*x**2 - 211*x - 7527. Determine l(-26).
-13
Let a(u) = -3016*u + 1818655. What is a(603)?
7
Let u(y) = 18*y**2 + 510*y - 1542. Determine u(3).
150
Let t(r) = 127516*r - 39019891. Calculate t(306).
5
Let r(i) = -31*i**2 + 467*i + 1877. What is r(-4)?
-487
Let d(a) = a**3 + 449*a**2 + 20990*a + 803. Determine d(-396).
11
Let x(k) = -k**2 + 79775*k - 1595087. What is x(20)?
13
Let x(p) = -84207*p + 1768385. Calculate x(21).
38
Let d(y) = -28*y**3 + 13*y**2 - 21*y + 58. Determine d(-4).
2142
Let z(p) = -1788*p - 280717. Determine z(-157).
-1
Let s(f) = 1919*f + 408753. Calculate s(-213).
6
Let g(b) = b**2 - 3329*b + 325783. Determine g(101).
-245
Let a(m) = -17*m**2 - 1358*m - 3296. What is a(-78)?
-800
Let s(g) = 734*g + 80010. Determine s(-109).
4
Let w(h) = 37*h**3 + 226*h**2 - 133*h - 886. What is w(-6)?
56
Let a(q) = q**3 - 17*q**2 - 24*q - 297. Give a(19).
-31
Let r(k) = 126*k**2 - 7959*k + 1452. Calculate r(63).
129
Let k(l) = -2831*l - 116882. Determine k(-41).
-811
Let t(a) = -2*a**2 - 1492*a - 13475. What is t(-9)?
-209
Let n(s) = 504864*s - 2019460. Calculate n(4).
-4
Let t(w) = -197*w + 57993. Determine t(294).
75
Let x(o) = 3110*o + 31284. Determine x(-10).
184
Let c(d) = -34*d**3 - 19*d**2 + 103*d + 2. Calculate c(3).
-778
Let h(s) = 51*s**2 - 58826*s - 32313. Calculate h(1154).
-1
Let i(w) = 419499*w - 5872977. Give i(14).
9
Let f(h) = -15*h**3 - 26*h**2 - 34*h + 104. Calculate f(-4).
784
Let m(d) = 252*d - 76017. Determine m(302).
87
Let o(f) = -695*f + 255. Determine o(-1).
950
Let v(y) = -y**3 - 278*y**2 - 1637*y - 12. What is v(-6)?
18
Let l(j) = 4253*j + 63823. Calculate l(-15).
28
Let q(a) = -2*a**3 - 440*a**2 - 441*a - 270. What is q(-219)?
387
Let c(u) = 9*u**2 + 1037*u + 11983. Give c(-13).
23
Let s(b) = 1211*b + 7068. What is s(-6)?
-198
Let r(c) = -4*c**3 - 12*c**2 - 10*c - 26. Determine r(-4).
78
Let l(r) = r**3 - 549*r**2 + 4181*r + 79545. Determine l(541).
18
Let s(u) = 495*u + 88. Calculate s(2).
1078
Let d(b) = -b**2 - 91*b - 212. What is d(-75)?
988
Let s(k) = -4*k**3 + 2*k**2 - 1402*k + 1402. Give s(1).
-2
Let y(w) = -w**3 + 4*w**2 - 517*w - 3150. What is y(-6)?
312
Let q(n) = 3668*n**2 + 3755*n - 1. Determine q(-1).
-88
Let w(x) = -28*x + 843. What is w(65)?
-977
Let k(y) = y**3 + 47*y**2 + 566*y + 320. Give k(-24).
-16
Let d(l) = 6213*l - 8. Calculate d(0).
-8
Let p(i) = i**3 + 22*i**2 - 62*i - 336. Determine p(-24).
0
Let n(l) = -l**2 + 5*l + 458. What is n(-42)?
-1516
Let n(j) = -2032*j + 10694. What is n(4)?
2566
Let k(m) = -36479*m + 547185. What is k(15)?
0
Let p(q) = q**3 + 33*q**2 - 18*q - 2. Calculate p(-35).
-1822
Let m(f) = 459*f**2 + 2303*f + 6. Determine m(-5).
-34
Let u(p) = 3*p**2 + 183*p - 3065. Determine u(14).
85
Let y(v) = v**3 + 2*v**2 - 88*v + 126. Determine y(8).
62
Let r(k) = -3*k**3 + 1960*k**2 - 2636*k + 18259. Give r(652).
3
Let h(x) = 243*x**3 + 2*x**2 - 548*x + 545. What is h(1)?
242
Let z(g) = 289*g - 6961. Calculate z(24).
-25
Let k(x) = 3351*x + 22486. Calculate k(-7).
-971
Let i(g) = -10*g**2 - 4765*g + 33289. Give i(7).
-556
Let m(c) = -2*c**2 - 13762*c - 7297707. Give m(-579).
9
Let o(b) = 67*b**3 - 274*b**2 + 9*b + 15. Calculate o(4).
-45
Let u(w) = 2120*w + 1973. Determine u(-1).
-147
Let f(n) = 40*n**2 - 155*n + 1042. Calculate f(8).
2362
Let l(s) = 10*s**3 + 125*s**2 - 24*s + 392. What is l(-13)?
-141
Let w(o) = 7*o**3 - 96*o**2 - 21*o - 201. Determine w(14).
-103
Let m(z) = -z**2 - 387*z + 27382. Determine m(-448).
54
Let a(b) = 53*b**3 + 318*b**2 - 435*b - 2613. Calculate a(-6).
-3
Let l(j) = j**3 - 34*j**2 - 169*j + 115. Calculate l(39).
1129
Let n(a) = 4*a**2 - 27*a - 180. What is n(15)?
315
Let f(g) = -2*g**3 + 833*g**2 + 9825*g + 8122. Determine f(428).
-10
Let f(v) = -2*v**3 + 29*v**2 + 2630*v - 12. Give f(-30).
1188
Let q(f) = 3*f**3 + 36*f**2 + 270*f + 1142. Give q(-7).
-13
Let t(h) = -513*h + 12642. What is t(25)?
-183
Let n(u) = -5*u**2 - 319*u - 2187. Give n(-56).
-3
Let p(j) = 2070*j + 3311. What is p(-3)?
-2899
Let r(j) = -j**3 - 532*j**2 + 45531*j - 443. What is r(75)?
7
Let r(f) = -131400*f + 1839607. Give r(14).
7
Let g(h) = -724*h + 5905. What is g(9)?
-611
Let u(l) = -22*l**2 - 279*l + 2047. What is u(7)?
-984
Let w(x) = -7326*x + 51266. Give w(7).
-16
Let r(g) = 717*g + 96344. Calculate r(-135).
-451
Let k(g) = 12*g**3 - 11*g**2 - 73*g + 6. Determine k(-5).
-1404
Let s(n) = -36739*n - 220400. What is s(-6)?
34
Let v(b) = 10*b**3 + 100*b**2 - 331*b - 1082. Calculate v(-12).
10
Let a(f) = -74280*f**2 - 1337043*f + 19. Determine a(-18).
73
Let m(c) = -1406*c + 44. Calculate m(0).
44
Let s(f) = 249*f + 5944. Give s(-23).
217
Let h(j) = -159*j**2 - 2486*j + 934. Give h(-16).
6
Let h(d) = 8*d**2 - 1371*d - 61627. Calculate h(-37).
52
Let k(f) = 900*f + 590398. Determine k(-656).
-2
Let y(q) = 284473*q + 1137913. Determine y(-4).
21
Let o(m) = 2*m**2 + 412*m - 4821. Give o(11).
-47
Let r(o) = -124*o - 28683. Determine r(-232).
85
Let q(g) = -835*g - 13324. Give q(-11).
-4139
Let s(c) = -50468*c + 1312176. Give s(26).
8
Let p(c) = -6148*c - 467230. Give p(-76).
18
Let d(b) = 12*b**2 - 1969*b - 64357. Determine d(192).
-37
Let y(o) = -7*o**2 + 506*o - 8623. Give y(45).
-28
Let u(h) = -h**2 - 1528*h + 201712. Give u(122).
412
Let m(x) = x**2 + 211808*x + 46760724. Determine m(-221).
-3
Let k(a) = 7*a**2 - 130*a + 1800. What is k(25)?
2925
Let m(p) = -14599*p - 43730. Determine m(-3).
67
Let u(d) = -5*d**2 + 3257*d - 530316. Calculate u(330).
-6
Let l(j) = -149*j**2 + 179*j - 891. What is l(5)?
-3721
Let l(p) = -7*p**2 - 760*p + 6761. Calculate l(9).
-646
Let l(k) = -k**3 + 60*k**2 - 321*k + 5. What is l(55)?
-2525
Let u(h) = 33485*h**2 + 1004557*h + 218. Calculate u(-30).
8
Let r(z) = -55*z**2 + 491*z + 552. What is r(-1)?
6
Let u(w) = -31102*w - 92263. Determine u(-3).
1043
Let q(w) = 225*w - 1